mmon divisor of 35302 and 76.
38
Calculate the greatest common factor of 4084 and 2012.
4
What is the highest common factor of 10604 and 16?
4
Calculate the highest common factor of 7276 and 360697.
107
What is the highest common divisor of 72 and 5679?
9
What is the greatest common divisor of 2947290 and 340?
170
What is the highest common divisor of 14688 and 8?
8
What is the greatest common factor of 28416 and 7548?
444
What is the greatest common divisor of 1254 and 237138?
66
What is the highest common divisor of 6951 and 329?
7
What is the greatest common divisor of 229839 and 345?
69
What is the highest common divisor of 99 and 7407?
9
What is the highest common factor of 4 and 158207?
1
What is the highest common divisor of 90 and 47370?
30
Calculate the highest common divisor of 474138 and 3975.
159
Calculate the highest common divisor of 126 and 4375.
7
Calculate the greatest common divisor of 7349216 and 872.
872
What is the highest common divisor of 16 and 170672?
16
Calculate the highest common divisor of 132 and 190212.
132
Calculate the greatest common divisor of 30105 and 105.
15
What is the greatest common factor of 1501376 and 64?
64
What is the greatest common factor of 24 and 1864?
8
What is the greatest common divisor of 341231 and 201?
67
What is the highest common factor of 1491 and 420?
21
What is the highest common divisor of 2976 and 123456?
96
What is the greatest common divisor of 20146 and 14?
14
What is the highest common divisor of 25171 and 1?
1
What is the highest common divisor of 1967545 and 76?
19
What is the highest common divisor of 976744 and 664?
664
Calculate the highest common factor of 168727 and 26.
13
Calculate the highest common factor of 94269 and 3283.
469
Calculate the highest common divisor of 468 and 8280.
36
What is the highest common divisor of 452 and 4196?
4
Calculate the greatest common divisor of 358021 and 302.
151
What is the highest common divisor of 112522 and 381?
127
Calculate the highest common divisor of 1086802 and 83.
83
Calculate the highest common factor of 22 and 11877778.
22
Calculate the greatest common factor of 116 and 245833.
29
What is the highest common factor of 96 and 97280?
32
Calculate the highest common divisor of 191107 and 115.
23
What is the greatest common divisor of 357243 and 9264?
579
Calculate the greatest common divisor of 70594 and 282.
94
What is the highest common factor of 1185 and 10428?
237
Calculate the highest common factor of 64266 and 66.
6
What is the greatest common factor of 8692 and 37556?
164
What is the highest common divisor of 655304 and 8?
8
What is the highest common divisor of 58664 and 20?
4
Calculate the greatest common factor of 408 and 1700.
68
What is the highest common divisor of 17 and 543762?
17
What is the greatest common divisor of 80 and 1128280?
40
What is the greatest common divisor of 1084 and 6400?
4
What is the greatest common factor of 88 and 60764?
44
What is the greatest common divisor of 4950 and 10950?
150
What is the highest common divisor of 201 and 4440693?
201
Calculate the greatest common divisor of 116223 and 21.
3
What is the greatest common divisor of 57032 and 32?
8
Calculate the highest common factor of 69363 and 504.
63
Calculate the highest common divisor of 44520 and 7000.
280
Calculate the greatest common factor of 8634 and 180.
6
What is the highest common factor of 659575 and 75?
25
What is the highest common divisor of 19062 and 480?
6
Calculate the greatest common divisor of 49182 and 63.
21
What is the greatest common factor of 253 and 79?
1
Calculate the greatest common factor of 168 and 66556.
28
Calculate the greatest common divisor of 411668 and 388.
388
What is the greatest common factor of 2926 and 264?
22
Calculate the greatest common divisor of 18502 and 5357.
11
Calculate the highest common factor of 41168 and 186.
62
Calculate the greatest common divisor of 170 and 114835.
85
Calculate the highest common factor of 130665 and 1395.
465
What is the greatest common divisor of 38 and 10431361?
19
What is the highest common divisor of 168 and 71540?
28
Calculate the highest common factor of 26558 and 1568.
98
What is the highest common divisor of 272 and 102867?
17
What is the greatest common factor of 184 and 1352?
8
What is the highest common factor of 676030 and 402?
134
What is the highest common factor of 594253 and 6853?
979
Calculate the greatest common divisor of 80270 and 8376.
698
Calculate the greatest common factor of 105 and 246330.
105
What is the highest common factor of 2051 and 119?
7
Calculate the highest common divisor of 586 and 1908602.
586
Calculate the highest common divisor of 4565 and 5395.
415
Calculate the highest common divisor of 13932 and 288.
36
Calculate the greatest common factor of 6856 and 40.
8
Calculate the greatest common factor of 760 and 503040.
40
Calculate the greatest common divisor of 182 and 327964.
182
Calculate the greatest common factor of 3292 and 16.
4
Calculate the greatest common divisor of 172908 and 3456.
108
Calculate the greatest common divisor of 229 and 38701.
229
What is the greatest common factor of 134 and 18704122?
134
What is the greatest common divisor of 10719 and 621?
27
Calculate the highest common divisor of 309 and 1610508.
309
What is the greatest common factor of 15876 and 288?
36
Calculate the greatest common factor of 632 and 928.
8
Calculate the highest common factor of 493 and 26622.
493
Calculate the highest common factor of 58 and 230057.
29
Calculate the highest common divisor of 1836 and 128214.
306
What is the greatest common factor of 644 and 9374708?
644
What is the highest common divisor of 60 and 2328936?
12
What is the highest common divisor of 26596 and 244?
244
Calculate the highest common factor of 2760 and 35760.
120
What is the greatest common divisor of 440 and 7160?
40
Calculate the greatest common divisor of 372 and 717402.
186
What is the greatest common factor of 298 and 813242?
298
What is the highest common divisor of 37734 and 24?
6
Calculate the highest common factor of 693 and 7821.
99
What is the highest common divisor of 14013 and 14661?
81
What is the highest common divisor of 66 and 45914?
22
Calculate the greatest common factor of 201950 and 100.
50
Calculate the greatest common divisor of 571696 and 16.
16
Calculate the greatest common factor of 642597 and 12328.
1541
Calculate the greatest common factor of 4539 and 23763.
267
What is the highest common divisor of 522457 and 65?
13
What is the greatest common factor of 2343 and 5478?
33
Calculate the greatest common factor of 2145 and 1470.
15
Calculate the greatest common divisor of 279373 and 2359.
337
Calculate the highest common factor of 81 and 6777.
27
What is the highest common divisor of 438 and 12?
6
Calculate the highest common factor of 57187 and 44239.
1079
Calculate the greatest common divisor of 850959 and 81.
27
What is the greatest common divisor of 741530 and 2320?
290
Calculate the greatest common factor of 320346 and 13.
13
What is the greatest common factor of 11952 and 4260?
12
What is the highest common divisor of 1292031 and 27?
27
Calculate the highest common factor of 4 and 31484.
4
What is the greatest common factor of 3358 and 7526957?
1679
What is the greatest common factor of 10 and 49795?
5
What is the greatest common divisor of 54 and 273726?
54
Calculate the greatest common factor of 102 and 244902.
102
What is the highest common factor of 2169936 and 1296?
432
Calculate the greatest common factor of 2610 and 41673.
87
What is the highest common divisor of 18099 and 9?
9
What is the highest common factor of 603 and 1152?
9
What is the greatest common divisor of 29609 and 261?
29
What is the greatest common factor of 500897 and 38?
19
What is the greatest common divisor of 4463645 and 295?
295
What is the greatest common divisor of 263449 and 187?
17
Calculate the highest common divisor of 93394 and 1274.
98
Calculate the highest common divisor of 40 and 10164.
4
Calculate the greatest common factor of 610 and 378688.
122
What is the highest common factor of 873 and 6014?
97
Calculate the greatest common factor of 776 and 307878.
194
What is the greatest common factor of 6755 and 525?
35
Calculate th